{"id":417,"date":"2026-02-12T20:49:08","date_gmt":"2026-02-12T19:49:08","guid":{"rendered":"https:\/\/www.sugah.de\/grafik\/?page_id=417"},"modified":"2026-02-12T20:49:08","modified_gmt":"2026-02-12T19:49:08","slug":"impressum","status":"publish","type":"page","link":"https:\/\/www.sugah.de\/grafik\/impressum\/","title":{"rendered":"Impressum"},"content":{"rendered":"<div class=\"bm-builder clearfix \"><div id=\"\" class=\"module col-12 module-id-1770925776063\" data-module-col=\"12\"><div class=\"module-inside text-inside\" style=\"--top-mod: 0px;--bottom-mod: 100px;--top-mod-t: 0px;--bottom-mod-t: 100px;--top-mod-m:0px;--bottom-mod-m:100px;\" ><div class=\"text_block_out\"  data-effect=\"standard\" style=\"\"><div class=\"text_block ux-mod-nobg\"><div class=\"text_block_inn\"><div id=\"text-1770925776063\" class=\"text_block_centered text_block_centered_enable_width\"  style=\"\"><h3>Impressum<\/h3><\/div><\/div><\/div><\/div><\/div><\/div><div id=\"\" class=\"module col-12 module-id-1770925796091\" data-module-col=\"12\"><div class=\"module-inside text-inside\" style=\"--top-mod: 0px;--bottom-mod: 0px;--top-mod-t: 0px;--bottom-mod-t: 0px;--top-mod-m:0px;--bottom-mod-m:0px;\" ><div class=\"text_block_out\"  data-effect=\"standard\" style=\"\"><div class=\"text_block ux-mod-nobg\"><div class=\"text_block_inn\"><div id=\"text-1770925796091\" class=\"text_block_centered text_block_centered_enable_width\"  style=\"\"><div class=\"bm-row\" data-frontcolor=\"\" data-backcolor=\"\" data-logocolor=\"\">\n<div id=\"\" class=\"module col-12 module-id-1770232687161 ux-first-mod-row\" data-module-col=\"12\" data-index=\"1\">\n<div class=\"module-inside text-inside\">\n<div class=\"text_block_out\" data-effect=\"standard\">\n<div class=\"text_block ux-mod-nobg\">\n<div class=\"text_block_inn\">\n<div id=\"text-1770232687161\" class=\"text_block_centered text_block_centered_enable_width\">\n<p>Carina Crenshaw<br>Alt Langst 10<br>40668 Meerbusch \/ Germany<br>+49 (0) 173 \/ 775 30 63<\/p>\n<p><br>Finanzamt Neuss<br>UID DE 253212301<\/p>\n<p><br>Alle Bilder und Grafiken dieser Website sind urheberrechtliche gesch\u00fctzt. Copyright 2007 by Carina Crenshaw. Inhaltlich Verantwortliche gem\u00e4\u00df \u00a7 6 MDStV ist Carina Crenshaw. Alle Rechte vorbehalten. All rights reserved. \u2028Jegliche Haftung f\u00fcr Sch\u00e4den, die direkt oder indirekt aus der Benutzung dieser Website entstehen, wird ausgeschlossen, soweit diese nicht auf Vorsatz oder grober Fahrl\u00e4ssigkeit beruhen. Sofern ich von dieser website auf Internetseiten verweise, die von Dritten betrieben werden, \u00fcbernehme ich keine Verantwortung f\u00fcr deren Inhalte.<\/p>\n<\/div>\n<\/div>\n<\/div>\n<\/div>\n<\/div>\n<\/div>\n<\/div><\/div><\/div><\/div><\/div><\/div><\/div><\/div>","protected":false},"excerpt":{"rendered":"<p>Impressum Carina CrenshawAlt Langst 1040668 Meerbusch \/ Germany+49 (0) 173 &hellip;<\/p>\n","protected":false},"author":1,"featured_media":0,"parent":0,"menu_order":0,"comment_status":"closed","ping_status":"closed","template":"","meta":{"inline_featured_image":false,"_monsterinsights_skip_tracking":false,"_monsterinsights_sitenote_active":false,"_monsterinsights_sitenote_note":"","_monsterinsights_sitenote_category":0,"footnotes":""},"class_list":["post-417","page","type-page","status-publish","hentry"],"aioseo_notices":[],"_links":{"self":[{"href":"https:\/\/www.sugah.de\/grafik\/wp-json\/wp\/v2\/pages\/417","targetHints":{"allow":["GET"]}}],"collection":[{"href":"https:\/\/www.sugah.de\/grafik\/wp-json\/wp\/v2\/pages"}],"about":[{"href":"https:\/\/www.sugah.de\/grafik\/wp-json\/wp\/v2\/types\/page"}],"author":[{"embeddable":true,"href":"https:\/\/www.sugah.de\/grafik\/wp-json\/wp\/v2\/users\/1"}],"replies":[{"embeddable":true,"href":"https:\/\/www.sugah.de\/grafik\/wp-json\/wp\/v2\/comments?post=417"}],"version-history":[{"count":1,"href":"https:\/\/www.sugah.de\/grafik\/wp-json\/wp\/v2\/pages\/417\/revisions"}],"predecessor-version":[{"id":418,"href":"https:\/\/www.sugah.de\/grafik\/wp-json\/wp\/v2\/pages\/417\/revisions\/418"}],"wp:attachment":[{"href":"https:\/\/www.sugah.de\/grafik\/wp-json\/wp\/v2\/media?parent=417"}],"curies":[{"name":"wp","href":"https:\/\/api.w.org\/{rel}","templated":true}]}}